e number?
False
Suppose 26*r - 64 = 10*r. Suppose 3*w - i = 4*w - 4856, r*w = -5*i + 19427. Is w composite?
True
Let p(x) be the third derivative of x**5/60 + 2281*x**3/6 + 2*x**2 - 10. Is p(0) a composite number?
False
Suppose -5*v + 152 - 22 = 0. Suppose -p + v = 24. Suppose -p*w = 3*r - 1837, -r - 4*r = -5*w - 3070. Is r composite?
False
Suppose -16*h = -30*h - 425026. Is (h/(-14))/(1/6) a prime number?
False
Let d = 213 + -210. Suppose 0 = 2*z + s - 2785, d*z + s = -z + 5567. Is z composite?
True
Let z(m) = 713*m**2 + 92*m + 1194. Is z(-14) a composite number?
True
Let a(p) = -118182*p - 364. Is a(-3) composite?
True
Let x be (-1 + 1)/(1 + 0). Let a = -1393 - -1398. Suppose 2*h - 45 - 26 = -o, -a*h = x. Is o a prime number?
True
Suppose 3*h - y - 81 = 0, -5*h - 2*y - 34 + 158 = 0. Let m = 21 - h. Let d(p) = -153*p + 32. Is d(m) composite?
False
Let k(z) = 534*z**2 + 9*z - 190. Is k(15) a prime number?
False
Let x = 308 + -307. Let b(z) = 6289*z**2 + 10*z - 12. Is b(x) composite?
False
Let o be (-4)/(-3)*(-33)/(-2). Let b be (945/(-6))/(o/(-8) + 2). Suppose -b - 738 = -4*k. Is k a composite number?
True
Let v = 3272 - 3141. Let h(g) = 8*g**2 + 2*g. Let z be h(3). Let l = z + v. Is l prime?
False
Let i = -734 + 731. Is 0 + (i - (-4702)/1) composite?
True
Suppose -15*f - 205313 = -46*f. Let c = f - 3856. Is c composite?
False
Suppose 5*y - 2*n + 0 = 5, 0 = 2*y - 5*n - 2. Let u be 3/12 - ((-46)/8 - y). Let v(f) = 306*f + 25. Is v(u) a prime number?
False
Suppose 4*p - 16 = -2*g, -4*g - 4*p + 20 = 4. Suppose g = 3*f - 2*m - 166 + 6, -2*f + 5*m = -125. Suppose 45*i = f*i - 12355. Is i a prime number?
False
Let q = -34 - -665. Let p = q + -294. Is p a composite number?
False
Suppose 1404*s = 1389*s + 4409535. Is s a composite number?
True
Suppose o + 1 + 2 = -x, -1 = -2*x + 5*o. Let w be (-6)/(-2)*x/(-1). Suppose -3*d - 515 = -2*m - w*d, 2*m - 3*d - 497 = 0. Is m a composite number?
True
Let o(k) = k**2 + k - 4. Let c be o(-3). Let v(h) = 8*h**3 + h**c + 14*h + 8 - 17*h**2 - 1 - 6*h**3. Is v(11) a composite number?
False
Suppose 471*k = 506168444 - 171521531. Is k prime?
True
Is (-1)/((-3 + 0)*13/2706717) composite?
False
Suppose 127157 = v - 2*q, 3*v - 5*q + 10*q = 381471. Is v a composite number?
False
Let l(i) = 3943*i + 13 - 28 + 40. Let r be l(5). Is r/50 + (-18)/10 + 2 prime?
False
Suppose 10*b - 19077 = 6053. Let v = b + 1196. Is v composite?
False
Let m(v) = 2*v**2 - 11*v - 164. Let u(d) = d**2 - 5*d - 81. Let r(c) = -4*m(c) + 7*u(c). Is r(0) composite?
False
Suppose -2*d + 4*f + 10292 = 0, 4*d - f - 29 = 20562. Suppose -3*y + 3*i = -d, -i - 10 = i. Is y prime?
False
Suppose 0 = 49*p - 39*p + 117*p - 4618609. Is p a prime number?
False
Suppose -93519 = -3*a - 3954. Is (a/14)/(4/8) composite?
True
Suppose -2*g - 2*p = -3874, -3*p + 5781 = 3*g - 6*p. Let w = -1798 - -3107. Let s = g - w. Is s prime?
False
Let h(b) = -b**3 + 8*b**2 + 2*b + 3. Let z be h(8). Suppose z*d - 23*d = -20. Suppose -d*l = -5904 - 3751. Is l a prime number?
True
Suppose q - 335454 = -4*s, -9*q + 335462 = -8*q - 4*s. Is q a prime number?
False
Let j = -203181 + 352610. Is j composite?
True
Let j(o) = 5*o**2 - 3*o**2 + 2 + 25*o**3 - 53*o**3 + 15*o**3. Let v = -4 - -1. Is j(v) a composite number?
True
Let b = -3128 + 6137. Is (4/(-6))/(12034/b - 4) prime?
False
Is 1/(120002180/10000180 + -12) composite?
False
Suppose 5*o - 4*x - 440353 = 0, -16*x + 14*x + 352272 = 4*o. Is o a composite number?
False
Suppose 4*k + 20 - 294 = -2*r, 0 = 5*r - 15. Suppose 63*w - 32 = k*w. Let d(p) = -2*p**3 + 6*p**2 + 7*p + 5. Is d(w) a composite number?
True
Suppose -6*s + 13*s = 0. Suppose 6*n - 2 - 10 = s. Suppose 4*d = 3*o - 7*o + 1228, -4*o + 1224 = n*d. Is o a prime number?
False
Suppose 0 = -20*g + 17*g - 27. Let i = g - 5. Let w(y) = -19*y - 29. Is w(i) a composite number?
True
Suppose -5*n + 42 = -2*p - 33, -60 = p + 2*n. Let y = 53 + p. Suppose y*c + 781 + 467 = 3*q, -2*q + 838 = -4*c. Is q a prime number?
False
Let i be 4/78 - (-11780)/6045. Let d be (-2*2)/((-4)/442). Suppose -4 - d = -i*p. Is p a prime number?
True
Suppose 2*v - 426 = 476. Suppose -15*a + 44 = -v. Is a a composite number?
True
Let d = -36 - -52. Let v(c) = 3*c**2 - 31*c + 26. Is v(d) a composite number?
True
Let x(c) = -2*c + 27. Let k be x(9). Suppose 2*q - k = -q. Suppose 0 = 4*u + 4, v = 2*u + q*u + 108. Is v a composite number?
False
Let j be (2/(-1))/(5/(-50)). Let c be j/6*(-36)/24. Is -8*(2020/16)/c composite?
True
Let y = -6470 - -3892. Let c be (0 + -1331)*(-2)/(-2). Let w = c - y. Is w a prime number?
False
Let w(q) = -313*q**3 - 2*q**2 + 7*q - 1. Let c be w(-5). Suppose c = 12*z + 3459. Is z a composite number?
True
Let t = -31 + 59. Let g = 45 - t. Is g/(-85) - (1 - 1121/5) composite?
False
Is ((-3380090)/21 - 19)*(-3)/1 a prime number?
False
Suppose -2*j = -5 - 1. Suppose -2*i - 5*b + 377 = 0, -j*i - 2*b = b - 570. Is i composite?
False
Suppose -43*j + 82*j - 1285323 = 0. Is j composite?
False
Let z = 586 - 305. Suppose z*w - 47383 = 274*w. Is w a composite number?
True
Suppose 0 = v - 2*b + 3*b - 7, 59 = 7*v - 3*b. Is (4548/(-9))/(v/(-6)) composite?
False
Suppose i = 15198 + 4109. Let d = -8378 + i. Is d composite?
True
Let k be (-1210)/(-3) + (-2)/(-3). Suppose 5*w - 5 = 0, -4*y - 3*w + 2 = -5*w. Is (6/8)/(y/k) a composite number?
True
Let b(c) = -31666*c - 567. Is b(-4) prime?
True
Let l(p) = 0 + 6*p**2 - 8*p**2 + 8*p**2 + 2 - 21 - p. Let c(r) = r**2 + 6*r + 6. Let d be c(-6). Is l(d) prime?
True
Let v(r) be the second derivative of -103*r**6/720 - 37*r**5/120 + 23*r**4/12 + 25*r. Let g(h) be the third derivative of v(h). Is g(-10) prime?
False
Let x(v) = v**2 + 12*v + 38. Let c be x(-8). Suppose 131084 - 36182 = c*k. Is k composite?
False
Let m(c) = 44*c**2 + 5*c + 2. Let h = 41 - 36. Let f be (-42)/35*h/(-2). Is m(f) composite?
True
Let q(l) = 2*l**2 + 27*l + 9. Let d be 1 - (-2 - -41) - (-10 + 12). Is q(d) a composite number?
False
Let x(q) = 28*q**2 - 343*q - 39. Is x(-22) composite?
False
Suppose 5 = -5*y, 3*p - 5*y - 352301 = 98823. Is p a composite number?
False
Let a(u) = 5*u**2 + 5*u + 4. Let n = 0 - 2. Let t be a(n). Is t/98 + (-2848)/(-7) a prime number?
False
Let n(u) = 1046*u**2 - 13*u + 722. Is n(33) a prime number?
True
Let o(k) = 31*k**2 - 307*k + 83. Is o(12) a composite number?
False
Let a(h) = -128*h**3 + 56*h**2 + 84*h + 721. Is a(-17) a composite number?
False
Suppose -11*t + 13736 = 4133. Suppose t - 219 = -f. Let i = f - -965. Is i composite?
False
Is (-26255862)/(-9)*(-15)/(-50) + (-2)/5 a prime number?
False
Suppose 0 = o - 2*o + 1917. Suppose -43*r - 91974 - 51818 = 0. Let u = o - r. Is u a composite number?
False
Let l(o) be the third derivative of -13*o**6/40 - o**4/12 + o**3/6 - 52*o**2 - 1. Let c be ((-2)/6)/((-2)/(-12)). Is l(c) composite?
False
Let w be (-5)/((-45)/4336) + (-12)/(-54). Let z = -42 + 231. Let b = w - z. Is b prime?
True
Let y(t) be the third derivative of 67*t**5/3 - 3*t**4/2 + 7*t**3/6 + 3*t**2 - 25. Is y(3) composite?
False
Let p(y) = 717*y**2 + 3*y - 1. Suppose 2 = -2*g + 3*w, 0 = g - 0*g - w + 1. Is p(g) a prime number?
False
Let a(t) = -232*t**2 - 2*t - 46. Let j be a(9). Is -1 - j/4 - 2 prime?
False
Let u be (6 - 4)/(-2) + -5. Is 58*((-153)/u - -1) a prime number?
False
Let s = -46 + 46. Suppose -4*j = 2*m - 6, s = 2*j - 5*j. Suppose 0 = m*h - 2070 - 27. Is h prime?
False
Let i = 539760 + -177353. Is i a composite number?
False
Let p(l) = -62*l + 33. Suppose 3*r + 50 = -4*d, 46 = -4*r + 5*d - 0*d. Is p(r) a composite number?
True
Let x(t) = t**2 - 13. Let a be x(-4). Suppose -299 = -a*i + 922. Suppose -o + i + 112 = 0. Is o prime?
False
Let x = 5327 + 31334. Is x composite?
True
Let r(q) = 2774*q**3 - 9*q**2 + 2*q + 2. Let v(o) = 5548*o**3 - 20*o**2 + 4*o + 5. Let p(g) = 9*r(g) - 4*v(g). Is p(1) composite?
True
Let g(f) = -26147*f + 128. Let h be g(8). Is (-2)/(-8) + h/(-32) prime?
False
Suppose 2*d - 5 = -3*z + 18, -z + 13 = 2*d. Suppose 2*u - x - 35395 = -2*u, 5*x - 44250 = -z*u. Is u a prime number?
True
Suppose 2*k = 4*z - 777038, -221*z = -216*z - 3*k - 971296. Is z a composite number?
True
Suppose 0 = -3*t + 2*f + 326979, -515*t - 108982 = -516*t - 3*f. Is t prime?
True
Suppose 2*i + 5 = 1, 3488 = -5*g - 4*i. Let m = g + -632. Let 